ommon factor of 645 and q.
15
Let c be (-4)/6*-84*(-19)/(-38). Let o(p) = 3*p**2 + 4*p - 7. Let s be o(-7). What is the greatest common divisor of c and s?
28
Let b(h) = -2*h**3 + 61*h**2 + 165*h + 143. Let s be b(33). What is the highest common divisor of 1573 and s?
143
Suppose 0 = -9*f - 8*f + 544. Suppose 8 = 6*m + f. Let n be 54 - m/6*-3. What is the highest common divisor of 13 and n?
13
Let b be 2/(-6 - (-3 - 1045/345)). Suppose 0 = 15*c - 13*c - 368. What is the highest common divisor of b and c?
23
Suppose -9*k + 168 = -3*k. Let c be k/(((-8)/(-14))/2). Let o = -12 - -26. What is the greatest common divisor of o and c?
14
Let c(v) = 5*v + 50. Let i be c(-5). Suppose 0 = 4*u - 5*h + i - 123, 16 = u + 3*h. Calculate the highest common factor of u and 44.
22
Let i be -3 + (3 - 9)*-1 + 262. Let j = i + -260. Calculate the highest common divisor of 245 and j.
5
Let u(x) = 4*x + 4. Let d be u(3). Let y be 301 + (-26)/4*2. Calculate the greatest common factor of d and y.
16
Let q be ((-35)/2)/((-1)/2). Suppose 7*l - 8*l = -5*b + 120, -3*b + 94 = -5*l. Let r = q - b. What is the greatest common factor of 156 and r?
12
Suppose -d - 9 = -14. Suppose 2*k = k - 4*w + 33, 2*k = d*w + 14. Let v be 5 - 9 - k*-1. Calculate the highest common divisor of 117 and v.
13
Let j be (0/(-4) - 4) + -19. Let v = 51 + j. Let o(k) = -k**3 - 6*k**2 - 13*k - 6. Let a be o(-4). What is the highest common factor of a and v?
14
Let c be (-3280)/410 + (1 - (-114 + 0)). What is the greatest common factor of 5564 and c?
107
Let g = -47 + 146. Let j be (-25 - -25)*(0 + 1). Suppose 8*p - 13 - 59 = j. What is the greatest common divisor of g and p?
9
Let v(k) = k**3 - 5*k**2 - 12*k + 23. Let y be v(8). Calculate the greatest common divisor of 77 and y.
7
Suppose -5051*a - 1320 = -5059*a. What is the highest common factor of a and 55?
55
Suppose -10*j = 6*j - 64. Suppose -5*o + j*y = -349, 5*o = 3*y + 307 + 41. What is the greatest common factor of o and 92?
23
Let l be (270/24)/((-24)/(-64)). Suppose -20*c + 24*c - 24 = 0. What is the highest common factor of l and c?
6
Let y be (-72)/(-42)*(((-552)/(-18) - 7) + 2). What is the highest common divisor of y and 9559?
11
Let g(r) = 77*r - 1. Let n be g(2). Let s = -1973 + 1826. Let v = n + s. Calculate the greatest common divisor of v and 21.
3
Suppose -19*t = 26*t + 30*t - 1000800. Calculate the greatest common divisor of 96 and t.
96
Suppose 159*h - 4114 = 148*h. Let x = h + -282. What is the greatest common factor of x and 138?
46
Suppose 0 = -5*r - 2*u - 226, -2*r - 5*u + 117 = -5*r. Let v be ((-123)/2)/(33/r). What is the greatest common divisor of 82 and v?
82
Let o = -28 - -119. Let c = 99 - o. Let m be 72/15*(-10)/(-4). What is the greatest common divisor of m and c?
4
Suppose 0 = -126*b - 356*b + 12*b + 274950. Calculate the greatest common factor of b and 915.
15
Suppose 2*a + a - 15 = 0, -350 = -5*v + 2*a. Let b be -1*(0 - -3 - 3). Suppose b = -4*c + 3*c + 8. What is the greatest common divisor of v and c?
8
Let p(t) = -3*t**3 + 354*t**2 - 315*t - 312. Let q be p(117). Calculate the greatest common factor of q and 507.
39
Suppose 212 - 22540 = -183*h + 17200. What is the highest common factor of 189 and h?
27
Let l(t) = -107*t + 16. Let q be l(0). Let s = -3 - -5. Suppose s*n - 6*n + 32 = 0. What is the highest common factor of q and n?
8
Let p = 4230 - 4210. What is the highest common divisor of 4460 and p?
20
Let x = -17033 + 17803. Calculate the highest common factor of 630 and x.
70
Let m(y) be the first derivative of -y**2/2 + 120*y - 271. Let j be m(49). Calculate the greatest common divisor of j and 497.
71
Suppose 34*s = 39783 - 1091. What is the highest common factor of 2 and s?
2
Let u be 1 + 3 + (-1 - 0) + 0. Let k(j) = 2*j**2 - 2*j + 2. Let o be k(u). Let b(h) = 11*h - 10. Let f be b(o). What is the greatest common divisor of 18 and f?
18
Suppose 0 = 4*g + j - 57, 0 = 2*g - 5*j + 6 - 7. Let m = g - 11. Suppose k - 11 = -3*d, 3*k - 7*d = -m*d + 19. Calculate the highest common divisor of k and 16.
8
Suppose -5*r + 30 = -4*x + 109, -3*r = 3*x - 39. Let j(b) = -b**3 + 18*b**2 - 26*b - 41. Let t be j(x). Calculate the greatest common factor of t and 10.
5
Suppose 283 = 2*z + 3*z - 3*r, -167 = -3*z - r. Let f = -65 + z. Let t be (f/(27/(-138)))/1. What is the highest common divisor of t and 69?
23
Let t = 180 + -171. Let b = t + 12. Calculate the highest common divisor of 231 and b.
21
Let s be (-2)/19 + (-59543)/209. Let l = -173 - s. What is the highest common factor of 168 and l?
56
Let l = -22 - -34. Let c(x) = 2*x**2 + 3*x - 13. Let t be c(9). Let u = -152 + t. What is the greatest common divisor of l and u?
12
Suppose -968 = -4*b + 4*x, -720 = -0*b - 3*b - 3*x. Let t = 268 - b. What is the highest common divisor of t and 12?
3
Let d be -1*16/(-4) - -8. Suppose 131 - 203 = -d*q. What is the highest common divisor of 186 and q?
6
Let k(w) be the second derivative of -w**4/12 + 2*w**2 + 13*w. Let q be k(-8). Let y be (216/q)/(6/(-20)) - 0. What is the greatest common divisor of 120 and y?
12
Suppose -5*z = 0, 5*r - 2869 - 2553 = -z - 732. What is the greatest common factor of r and 182?
14
Let h = -4 + 19. Suppose 12 - h = -n. Suppose 0 = 5*k - 4*s - 34, -3*k - n*s = -0*s - 42. Calculate the highest common divisor of k and 40.
10
Suppose -5277 = -10*z - 5207. Let j = -3 + -1. Let y be z/(j/(-20)*5). What is the greatest common factor of 63 and y?
7
Let c(l) = 6*l**2 + 30*l + 206. Let y be c(-15). What is the highest common divisor of y and 14?
14
Let p be -220 + 2 - (2 + (-20)/5). Let z = p + 468. What is the highest common divisor of z and 140?
28
Suppose -84 = b + 1. Let v = -48 - b. Let q = v + -21. Calculate the greatest common divisor of q and 32.
16
Let k = 11291 + -11241. What is the greatest common divisor of 6550 and k?
50
Let d = 24 + -19. Suppose 5*x - d*c = -24 + 4, x - 2*c + 8 = 0. Let o be 3 + x/2 + 72. Calculate the greatest common factor of o and 25.
25
Let u be ((-170)/(-45) - 4) + (-2)/(-9). Suppose 1 = j - u*j. Let b(t) = 9*t**2 + 1. Let m be b(j). What is the greatest common factor of 5 and m?
5
Suppose 0 = -47*l + 1466 - 103. Suppose -45*y + l*y = -256. Calculate the highest common factor of 304 and y.
16
Suppose 155*r - 3*u + 2846 = 156*r, -3*r + 5*u + 8454 = 0. What is the greatest common divisor of 224 and r?
28
Suppose 3*w = 5*s + 244, 7*s - 170 = -2*w + 3*s. Suppose 43 + 6 = 2*j + 3*h, -5*h = -3*j + w. Calculate the highest common divisor of j and 182.
26
Suppose 0 = -58*v + 60*v - 129*v + 1397. Calculate the highest common divisor of 2519 and v.
11
Suppose 46*l - 2039 - 91 = 1642. What is the highest common divisor of l and 19639?
41
Let g be 28/(-12)*(-4698)/203. What is the highest common divisor of 2727 and g?
27
Let m(w) = 111*w**2 - 73*w - 253. Let l be m(-4). What is the greatest common factor of l and 484?
121
Let f = -1266 - -4810. Calculate the highest common divisor of 40 and f.
8
Let l = 11 + -35. Let i be (0 + l)/(-3) - -3. Suppose 3*b = b - 5*f + 178, 5*f + 317 = 3*b. Calculate the greatest common factor of i and b.
11
Let v be (-62322)/(-188) + (-6)/(-4). What is the highest common divisor of 45 and v?
9
Suppose 3*h = 4*y + 310 + 738, -2*y = -5*h + 1756. Calculate the greatest common factor of h and 220.
44
Let k(s) = 719*s - 5711. Let z be k(8). What is the highest common factor of z and 17712?
41
Let i be (-2)/(-9) + 71888/(-144). Let p = -457 - i. Let x(v) = 3*v**2 + 1. Let g be x(-3). Calculate the highest common factor of p and g.
14
Let x = 14297 + -14285. Calculate the highest common factor of 5514 and x.
6
Let q be 10100/9 - ((-364)/(-585) - (-4)/(-10)). What is the highest common factor of 264 and q?
66
Let q be (5*3)/(-29*70/(-22330)). Let m be (2/4)/(2/120). Calculate the greatest common factor of m and q.
15
Let a = -29 + 31. Suppose -2*v + 2 = 0, 0 = -a*q - v + 18 + 7. Suppose c - q = -3*c. What is the greatest common factor of 6 and c?
3
Suppose 12*c - 394 = 1358. Let t = c - 22. Suppose -4*g - t = -380. What is the greatest common factor of g and 16?
16
Let x = 2 + 0. Suppose 0 = -2*y + 4*l + 60, -l - 19 + 64 = x*y. Suppose k + 5*m - 3 + 9 = 0, 5*k - 2*m - y = 0. What is the highest common divisor of k and 36?
4
Let x(j) = 52*j**2 - 5*j - 3. Let